25 - -40?
-8c5
In base 4, what is 303221230 - 121?
303221103
In base 12, what is -876a + 3?
-8767
In base 8, what is 20207 + 1?
20210
In base 5, what is 4 + -303340?
-303331
In base 12, what is 92781 - -21?
927a2
In base 2, what is -1 - -101001000001010?
101001000001001
In base 7, what is 2 + 52200?
52202
In base 2, what is 1111 + 1110101000110010?
1110101001000001
In base 3, what is 1002 - -12002220?
12010222
In base 10, what is 2792 - -3?
2795
In base 11, what is 134320 + -4?
134317
In base 10, what is -2426 - 3?
-2429
In base 2, what is -111101110010111110 + 10?
-111101110010111100
In base 14, what is -122377 + 0?
-122377
In base 10, what is 9 + -37183?
-37174
In base 8, what is 6171 - 512?
5457
In base 15, what is ec - e99?
-d9c
In base 15, what is -77dc8 - 2?
-77dca
In base 8, what is -1 + -106206?
-106207
In base 15, what is 4 + -1791a?
-17916
In base 3, what is 10 - 222011212?
-222011202
In base 11, what is 5 + -797838?
-797833
In base 10, what is 5 + -439188?
-439183
In base 6, what is 135 - -4331?
4510
In base 7, what is 4 + 623624?
623631
In base 11, what is -2a29 - -a?
-2a1a
In base 8, what is 16564 - -1?
16565
In base 2, what is -1010110011000001 - 10011?
-1010110011010100
In base 6, what is 0 + -13423?
-13423
In base 16, what is d7c + -10?
d6c
In base 15, what is -3b + 35b?
320
In base 5, what is -2 + 320234?
320232
In base 16, what is -1 - 1e68?
-1e69
In base 4, what is 11013102 - 11?
11013031
In base 2, what is -11001101011100010 - 101?
-11001101011100111
In base 7, what is 3 - -154045?
154051
In base 11, what is 6 + 2775?
2780
In base 2, what is -11111000 + 1110?
-11101010
In base 11, what is 0 - -106a15?
106a15
In base 6, what is -153 + 15110?
14513
In base 5, what is -12 - -11002?
10440
In base 9, what is 567185 - -5?
567201
In base 9, what is 123823 - 5?
123817
In base 10, what is 8368 - 71?
8297
In base 14, what is 6 - 748c?
-7486
In base 12, what is -343349 + -5?
-343352
In base 5, what is -10 - 420230?
-420240
In base 15, what is -7 - -2c35?
2c2d
In base 4, what is -231200 + 20?
-231120
In base 3, what is 10 + -1100002202?
-1100002122
In base 14, what is -359 + 19?
-340
In base 7, what is -3135 - 5450?
-11615
In base 13, what is -2b + -3a6?
-404
In base 2, what is -10100010100111100 - -10100?
-10100010100101000
In base 3, what is -101020201 - -100?
-101020101
In base 14, what is 293a8 - 5?
293a3
In base 5, what is 2404310 - 2?
2404303
In base 11, what is -30585 + 2?
-30583
In base 5, what is -2 - -3124304?
3124302
In base 12, what is 9154 - -11?
9165
In base 2, what is 1000000010110 - -10001101?
1000010100011
In base 13, what is 358 - c2b?
-8a3
In base 15, what is 83 - -14ca?
155d
In base 6, what is 11 + -114232?
-114221
In base 2, what is -100 - -11101111001110010?
11101111001101110
In base 6, what is 323 + -22003?
-21240
In base 4, what is -122301020 - 1?
-122301021
In base 2, what is -110111 - 100111100011000?
-100111101001111
In base 5, what is 12032 + 44?
12131
In base 3, what is 120002000 + -2121?
112222102
In base 11, what is 1144 + a?
1153
In base 3, what is -12 - 111010202?
-111010221
In base 11, what is -5029 - 717?
-5745
In base 3, what is -201101110110 - 11?
-201101110121
In base 5, what is 142244 + 2?
142301
In base 14, what is -41c96 - -6?
-41c90
In base 6, what is -142 - 5?
-151
In base 8, what is 11 - 7616?
-7605
In base 7, what is -22 - -3106?
3054
In base 16, what is -6 - 36d?
-373
In base 3, what is 10 + 11221110120?
11221110200
In base 13, what is -4 - 918c?
-9193
In base 13, what is -b29b - 1?
-b29c
In base 7, what is 14164 + -3250?
10614
In base 10, what is 5 + -19794?
-19789
In base 10, what is -47 - 54?
-101
In base 2, what is 11001001101101000000 - -101?
11001001101101000101
In base 14, what is 2397 + -16?
2381
In base 8, what is 31 - 1146?
-1115
In base 7, what is -4 - 65436?
-65443
In base 6, what is -2410 + -30343?
-33153
In base 10, what is 2 - 7324?
-7322
In base 13, what is 9c7659 - 4?
9c7655
In base 15, what is -2854b + -2?
-2854d
In base 8, what is -65323 + -4?
-65327
In base 7, what is -6 + 3506060?
3506051
In base 2, what is -1100010100000010 + -101?
-1100010100000111
In base 11, what is -a + -2304?
-2313
In base 13, what is -2 - -19871a?
198718
In base 5, what is 434 - -220?
1204
In base 16, what is 467dd3 - -1?
467dd4
In base 8, what is -56410 - -2?
-56406
In base 6, what is 3421343 + -1?
3421342
In base 9, what is 231 - 10?
221
In base 5, what is -10030231 + -10?
-10030241
In base 3, what is -100202120101 + -12?
-100202120120
In base 6, what is -2522 - 314?
-3240
In base 4, what is -1003113122 + -3?
-1003113131
In base 2, what is -111001101001010110011 - 100?
-111001101001010110111
In base 8, what is -65440 - 32?
-65472
In base 2, what is -11011111 + -10111101100011?
-11000001000010
In base 3, what is 0 - 1200211112102?
-1200211112102
In base 9, what is -762 + -214?
-1076
In base 10, what is -11749 - -57?
-11692
In base 7, what is 1343 + 233?
1606
In base 12, what is -651489 + 4?
-651485
In base 3, what is -112202211 + 1101?
-112201110
In base 8, what is -20352 - 126?
-20500
In base 10, what is 4 - -385998?
386002
In base 10, what is -882 - -114?
-768
In base 12, what is 1 - -16a9b7?
16a9b8
In base 12, what is 5 - -10756?
1075b
In base 5, what is -300040 - -340?
-244200
In base 13, what is 1a704 + 6?
1a70a
In base 7, what is 1 + -26461?
-26460
In base 14, what is -1a46 + -1a?
-1a62
In base 13, what is 609b + -2?
6099
In base 2, what is -11100101110 + -1010110?
-11110000100
In base 10, what is -710 + -626?
-1336
In base 16, what is 9 - -2ba?
2c3
In base 6, what is -13535 - 1540?
-15515
In base 14, what is 33 - -1c88?
1cbb
In base 7, what is 2310 + 1232?
3542
In base 4, what is -10 + 1310301332?
1310301322
In base 5, what is 22412 - -1302?
24214
In base 3, what is 102012012012 - -11?
102012012100
In base 9, what is -4 + 612540?
612535
In base 14, what is 31 - -77c6?
7817
In base 6, what is 24 - -2035033?
2035101
In base 4, what is 10 + -30323302?
-30323232
In base 9, what is 122 - -6446?
6568
In base 14, what is 3 - 1152d?
-1152a
In base 15, what is -1 + -d896?
-d897
In base 15, what is -12 - -113ec?
113da
In base 8, what is 35324 - -42?
35366
In base 9, what is -140184 + 40?
-140144
In base 13, what is c40 + 4a6?
1416
In base 5, what is 3 + 333004?
333012
In base 15, what is 37c35 + 17?
37c4c
In base 9, what is -2 + 58063?
58061
In base 11, what is 450a5 + 14?
45109
In base 9, what is 341151 + 5?
341156
In base 10, what is 7 - -28347?
28354
In base 2, what is 1001101011110 + 100001?
1001101111111
In base 4, what is -111302 - -13?
-111223
In base 11, what is 373 - -589?
951
In base 11, what is -3a6 - 11a7?
-15a2
In base 14, what is 1d013 + 1b?
1d030
In base 11, what is 3 - 1027a?
-10277
In base 6, what is 4531 - 42?
4445
In base 7, what is -5 + -42143?
-42151
In base 9, what is 1 - -28754?
28755
In base 2, what is 10011100 + -11001?
10000011
In base 8, what is 1740 + -254?
1464
In base 10, what is 45 - -79?
124
In base 13, what is 9632 + -a?
9625
In base 10, what is -18 + 337?
319
In base 14, what is c5 - 15d6?
-1511
In base 10, what is -5366831 - -3?
-5366828
In base 6, what is 13 + 4220004?
4220021
In base 10, what is -167345 + 4?
-167341
In base 3, what is 22202222 - -2?
22210001
In base 9, what is -15682 + 2?
-15680
In base 16, what is -51e - 2b?
-549
In base 14, what is -5c8a + -5c?
-5d08
In base 3, what is 221 + -10020021?
-10012100
In base 15, what is -1664 + 13?
-1651
In base 13, what is 874c + 12?
8761
In base 13, what is -4 - -a313?
a30c
In base 16, what is 9 - 70d?
-704
In base 6, what is 5 - 103002?
-102553
In base 10, what is -1092 - -1885?
793
In base 8, what is -1024 + -51?
-1075
In base 9, what is 5661 - 572?
5078
In base 3, what is -10 + -110111000?
-110111010
In base 6, what is 5 - 1250150?
-1250141
In base 14, what is -17904 - 3?
-17907
In base 12, what is -335 + -2a6?
-61b
In base 9, what is -2 + -676313?
-676315
In base 4, what is -131 + -22102?
-22233
In base 10, what is -5733 + 62?
-5671
In base 4, what is -11 + 2033323?
2033312
In base 9, what is -406727 + -3?
-406731
In base 7, what is -3411034 - -2?
-3411032
In base 11, what is 904 + 2?
906
In base 2, what is 101 - 10100010010111000001?
-10100010010110111100
In base 11, what is -63366 + 5?
-63361
In base 1